{"id":4048,"date":"2025-07-16T15:54:54","date_gmt":"2025-07-16T14:54:54","guid":{"rendered":"https:\/\/www.gruene-gladbeck.de\/?page_id=4048"},"modified":"2025-07-17T13:19:21","modified_gmt":"2025-07-17T12:19:21","slug":"nah-klar-digital","status":"publish","type":"page","link":"https:\/\/www.gruene-gladbeck.de\/?page_id=4048","title":{"rendered":"Nah, klar, digital"},"content":{"rendered":"\n<h3 class=\"wp-block-heading\"><\/h3>\n\n\n\n<p><strong>Stell dir vor, wir machen Verwaltung wirklich b\u00fcrgernah und Verwaltung ist keine H\u00fcrde mehr \u2013 sondern Hilfe<\/strong><\/p>\n\n\n\n<p>Du findest auf Anhieb, was du brauchst. Dein Anliegen wird ernst genommen \u2013 online, telefonisch oder pers\u00f6nlich. Und die Verwaltung? Die ist freundlich, verst\u00e4ndlich, vielf\u00e4ltig \u2013 so wie Gladbeck selbst.<\/p>\n\n\n\n<h2 class=\"wp-block-heading\"><strong>Das Problem<\/strong><\/h2>\n\n\n\n<p>F\u00fcr viele B\u00fcrger:innen f\u00fchlt sich Verwaltung m\u00fchsam an. Digitale Angebote funktionieren oft nur eingeschr\u00e4nkt. Wer keinen Termin bekommt oder die Amtssprache nicht versteht, bleibt au\u00dfen vor. Gleichzeitig fehlt es in der Verwaltung selbst an Ressourcen, um modern arbeiten zu k\u00f6nnen \u2013 personell, technisch und strukturell. Auch Mitbestimmung wird meist nur punktuell angeboten \u2013 statt als selbstverst\u00e4ndlicher Teil demokratischer Stadtentwicklung verstanden zu werden.<\/p>\n\n\n\n<h2 class=\"wp-block-heading\"><strong>Unsere L\u00f6sung: Modernisieren statt verwalten<\/strong><\/h2>\n\n\n\n<p>Wir digitalisieren nicht, weil es modern klingt \u2013 sondern weil es den Menschen hilft.<\/p>\n\n\n\n<p>Mit einem klaren Fahrplan: mehr nutzerfreundliche Onlinedienste, eine digital arbeitende Verwaltung \u2013 mit E-Akte und zeitgem\u00e4\u00dfem Dokumentenmanagement. Wir werden eine Digitalisierungsabteilung aufbauen, statt nur einen Digitalisierungsbeauftragten vorzuhalten \u2013 ein Kraftakt, der sich lohnt. Je schneller Abl\u00e4ufe und Prozesse digitalisiert werden, desto schneller funktioniert Verwaltung und desto besser sind wir gegen\u00fcber Fachkr\u00e4fte- und Personalmangel gewappnet.<\/p>\n\n\n\n<p><strong>Wir schaffen digitale Unterst\u00fctzung, die wirklich hilft<\/strong><br>Ein KI-gest\u00fctzter Verwaltungsassistent und ein rund um die Uhr erreichbarer B\u00fcrger:innen-Chatbot sorgen daf\u00fcr, dass Fragen schneller beantwortet und Anliegen effizienter bearbeitet werden k\u00f6nnen \u2013 ohne die pers\u00f6nliche Beratung zu ersetzen.<\/p>\n\n\n\n<p><strong>Wir machen Verwaltung gerechter \u2013 durch offene Strukturen und gleiche Chancen<\/strong><br>Anonymisierte Bewerbungen und gezielte Diversit\u00e4tsstrategien helfen dabei, die Stadtverwaltung so vielf\u00e4ltig zu machen wie die Stadt selbst. Vielf\u00e4ltigkeit und Offenheit helfen uns, die Dienstleistungsstellen f\u00fcr B\u00fcrger:innen zu besetzen, f\u00fcr die wir Personal suchen. Durch eine offene Aufbereitung kommunaler Daten (Open Data) machen wir Verwaltungsentscheidungen nachvollziehbar.<\/p>\n\n\n\n<p><strong>Wir st\u00e4rken Mitbestimmung \u2013 analog und digital&nbsp;<\/strong><br>Mit einer digitalen Beteiligungsplattform, B\u00fcrger:innenr\u00e4ten und selbstverwalteten Stadtteilbudgets schaffen wir verl\u00e4ssliche Strukturen f\u00fcr echte Beteiligung. Nicht nur zuh\u00f6ren \u2013 sondern gemeinsam gestalten.<\/p>\n\n\n\n<h2 class=\"wp-block-heading\"><strong>Was das f\u00fcr Gladbeck bedeutet<\/strong><\/h2>\n\n\n\n<p>Wer in Gladbeck lebt, soll sich nicht durch Antr\u00e4ge k\u00e4mpfen m\u00fcssen. Informationen m\u00fcssen zug\u00e4nglich, Prozesse verst\u00e4ndlich und digitale Angebote verl\u00e4sslich sein.<\/p>\n\n\n\n<p>Das ist kein Selbstl\u00e4ufer \u2013 aber es ist machbar, wenn wir die richtigen Entscheidungen treffen.<\/p>\n\n\n\n<p>Wir machen Verwaltung zum Partner der Menschen \u2013 und Beteiligung zum festen Teil unserer demokratischen Kultur.<\/p>\n\n\n\n<hr class=\"wp-block-separator has-alpha-channel-opacity\"\/>\n\n\n\n<h4 class=\"wp-block-heading\">Weitere Kapitel des Kommunalwahlprogramms:<\/h4>\n\n\n\n<p><a href=\"https:\/\/www.gruene-gladbeck.de\/?page_id=4062\">Vorwort: Wo Menschen reden, wird es hell<\/a><\/p>\n\n\n\n<p><a href=\"https:\/\/www.gruene-gladbeck.de\/?page_id=4015\">Umwelt, Klima &amp; Tierschutz &#8211; F\u00fcr eine Stadt, die sch\u00fctzt, was uns sch\u00fctzt<\/a><\/p>\n\n\n\n<p><a href=\"https:\/\/www.gruene-gladbeck.de\/?page_id=4021\">Starke Schulen f\u00fcr starke Kinder &#8211; Gladbecks Bildungszukunft gestalten<\/a><\/p>\n\n\n\n<p><a href=\"https:\/\/www.gruene-gladbeck.de\/?page_id=4037\">Jugend &amp; Familie &#8211; F\u00fcr ein gutes Aufwachsen und ein gutes Miteinander<\/a><\/p>\n\n\n\n<p><a href=\"https:\/\/www.gruene-gladbeck.de\/?page_id=4027\">Gut ankommen in Gladbeck &#8211; Mobilit\u00e4t, die verbindet<\/a><\/p>\n\n\n\n<p><a href=\"https:\/\/www.gruene-gladbeck.de\/?page_id=4032\">Zukunft findet Stadt &#8211; Gladbecks Quartiere gr\u00fcn, gerecht und lebendig gestalten<\/a><\/p>\n\n\n\n<p><a href=\"https:\/\/www.gruene-gladbeck.de\/?page_id=4040\">Zukunft Wirtschaften &#8211; Wirtschaft st\u00e4rken, Fl\u00e4chen klug nutzen, Finanzen sichern<\/a><\/p>\n\n\n\n<p><a href=\"https:\/\/www.gruene-gladbeck.de\/?page_id=4045\">Sicher ist, wo wir uns k\u00fcmmern &#8211; Gladbeck st\u00e4rkt den Zusammenhalt<\/a><\/p>\n\n\n\n<p><a href=\"https:\/\/www.gruene-gladbeck.de\/?page_id=4053\">Vielfalt &amp; Kultur &#8211; F\u00fcr ein Gladbeck, das alle mitmeint<\/a><\/p>\n\n\n\n<p><a href=\"https:\/\/www.gruene-gladbeck.de\/?page_id=4058\">Freibad, Verein, Schule &#8211; Sport in Gladbeck f\u00fcr alle<\/a><\/p>\n","protected":false},"excerpt":{"rendered":"<p>Stell dir vor, wir machen Verwaltung wirklich b\u00fcrgernah und Verwaltung ist keine H\u00fcrde mehr \u2013 sondern Hilfe Du findest auf [&hellip;]<\/p>\n","protected":false},"author":11,"featured_media":4049,"parent":4011,"menu_order":9,"comment_status":"closed","ping_status":"closed","template":"","meta":{"ngg_post_thumbnail":0,"footnotes":""},"class_list":["post-4048","page","type-page","status-publish","has-post-thumbnail","hentry"],"_links":{"self":[{"href":"https:\/\/www.gruene-gladbeck.de\/index.php?rest_route=\/wp\/v2\/pages\/4048","targetHints":{"allow":["GET"]}}],"collection":[{"href":"https:\/\/www.gruene-gladbeck.de\/index.php?rest_route=\/wp\/v2\/pages"}],"about":[{"href":"https:\/\/www.gruene-gladbeck.de\/index.php?rest_route=\/wp\/v2\/types\/page"}],"author":[{"embeddable":true,"href":"https:\/\/www.gruene-gladbeck.de\/index.php?rest_route=\/wp\/v2\/users\/11"}],"replies":[{"embeddable":true,"href":"https:\/\/www.gruene-gladbeck.de\/index.php?rest_route=%2Fwp%2Fv2%2Fcomments&post=4048"}],"version-history":[{"count":2,"href":"https:\/\/www.gruene-gladbeck.de\/index.php?rest_route=\/wp\/v2\/pages\/4048\/revisions"}],"predecessor-version":[{"id":4074,"href":"https:\/\/www.gruene-gladbeck.de\/index.php?rest_route=\/wp\/v2\/pages\/4048\/revisions\/4074"}],"up":[{"embeddable":true,"href":"https:\/\/www.gruene-gladbeck.de\/index.php?rest_route=\/wp\/v2\/pages\/4011"}],"wp:featuredmedia":[{"embeddable":true,"href":"https:\/\/www.gruene-gladbeck.de\/index.php?rest_route=\/wp\/v2\/media\/4049"}],"wp:attachment":[{"href":"https:\/\/www.gruene-gladbeck.de\/index.php?rest_route=%2Fwp%2Fv2%2Fmedia&parent=4048"}],"curies":[{"name":"wp","href":"https:\/\/api.w.org\/{rel}","templated":true}]}}

<h3 class="wp-block-heading"></h3>



<p><strong>Stell dir vor, wir machen Verwaltung wirklich bürgernah und Verwaltung ist keine Hürde mehr – sondern Hilfe</strong></p>



<p>Du findest auf Anhieb, was du brauchst. Dein Anliegen wird ernst genommen – online, telefonisch oder persönlich. Und die Verwaltung? Die ist freundlich, verständlich, vielfältig – so wie Gladbeck selbst.</p>



<h2 class="wp-block-heading"><strong>Das Problem</strong></h2>



<p>Für viele Bürger:innen fühlt sich Verwaltung mühsam an. Digitale Angebote funktionieren oft nur eingeschränkt. Wer keinen Termin bekommt oder die Amtssprache nicht versteht, bleibt außen vor. Gleichzeitig fehlt es in der Verwaltung selbst an Ressourcen, um modern arbeiten zu können – personell, technisch und strukturell. Auch Mitbestimmung wird meist nur punktuell angeboten – statt als selbstverständlicher Teil demokratischer Stadtentwicklung verstanden zu werden.</p>



<h2 class="wp-block-heading"><strong>Unsere Lösung: Modernisieren statt verwalten</strong></h2>



<p>Wir digitalisieren nicht, weil es modern klingt – sondern weil es den Menschen hilft.</p>



<p>Mit einem klaren Fahrplan: mehr nutzerfreundliche Onlinedienste, eine digital arbeitende Verwaltung – mit E-Akte und zeitgemäßem Dokumentenmanagement. Wir werden eine Digitalisierungsabteilung aufbauen, statt nur einen Digitalisierungsbeauftragten vorzuhalten – ein Kraftakt, der sich lohnt. Je schneller Abläufe und Prozesse digitalisiert werden, desto schneller funktioniert Verwaltung und desto besser sind wir gegenüber Fachkräfte- und Personalmangel gewappnet.</p>



<p><strong>Wir schaffen digitale Unterstützung, die wirklich hilft</strong><br>Ein KI-gestützter Verwaltungsassistent und ein rund um die Uhr erreichbarer Bürger:innen-Chatbot sorgen dafür, dass Fragen schneller beantwortet und Anliegen effizienter bearbeitet werden können – ohne die persönliche Beratung zu ersetzen.</p>



<p><strong>Wir machen Verwaltung gerechter – durch offene Strukturen und gleiche Chancen</strong><br>Anonymisierte Bewerbungen und gezielte Diversitätsstrategien helfen dabei, die Stadtverwaltung so vielfältig zu machen wie die Stadt selbst. Vielfältigkeit und Offenheit helfen uns, die Dienstleistungsstellen für Bürger:innen zu besetzen, für die wir Personal suchen. Durch eine offene Aufbereitung kommunaler Daten (Open Data) machen wir Verwaltungsentscheidungen nachvollziehbar.</p>



<p><strong>Wir stärken Mitbestimmung – analog und digital&nbsp;</strong><br>Mit einer digitalen Beteiligungsplattform, Bürger:innenräten und selbstverwalteten Stadtteilbudgets schaffen wir verlässliche Strukturen für echte Beteiligung. Nicht nur zuhören – sondern gemeinsam gestalten.</p>



<h2 class="wp-block-heading"><strong>Was das für Gladbeck bedeutet</strong></h2>



<p>Wer in Gladbeck lebt, soll sich nicht durch Anträge kämpfen müssen. Informationen müssen zugänglich, Prozesse verständlich und digitale Angebote verlässlich sein.</p>



<p>Das ist kein Selbstläufer – aber es ist machbar, wenn wir die richtigen Entscheidungen treffen.</p>



<p>Wir machen Verwaltung zum Partner der Menschen – und Beteiligung zum festen Teil unserer demokratischen Kultur.</p>



<hr class="wp-block-separator has-alpha-channel-opacity"/>



<h4 class="wp-block-heading">Weitere Kapitel des Kommunalwahlprogramms:</h4>



<p><a href="https://www.gruene-gladbeck.de/?page_id=4062">Vorwort: Wo Menschen reden, wird es hell</a></p>



<p><a href="https://www.gruene-gladbeck.de/?page_id=4015">Umwelt, Klima &amp; Tierschutz &#8211; Für eine Stadt, die schützt, was uns schützt</a></p>



<p><a href="https://www.gruene-gladbeck.de/?page_id=4021">Starke Schulen für starke Kinder &#8211; Gladbecks Bildungszukunft gestalten</a></p>



<p><a href="https://www.gruene-gladbeck.de/?page_id=4037">Jugend &amp; Familie &#8211; Für ein gutes Aufwachsen und ein gutes Miteinander</a></p>



<p><a href="https://www.gruene-gladbeck.de/?page_id=4027">Gut ankommen in Gladbeck &#8211; Mobilität, die verbindet</a></p>



<p><a href="https://www.gruene-gladbeck.de/?page_id=4032">Zukunft findet Stadt &#8211; Gladbecks Quartiere grün, gerecht und lebendig gestalten</a></p>



<p><a href="https://www.gruene-gladbeck.de/?page_id=4040">Zukunft Wirtschaften &#8211; Wirtschaft stärken, Flächen klug nutzen, Finanzen sichern</a></p>



<p><a href="https://www.gruene-gladbeck.de/?page_id=4045">Sicher ist, wo wir uns kümmern &#8211; Gladbeck stärkt den Zusammenhalt</a></p>



<p><a href="https://www.gruene-gladbeck.de/?page_id=4053">Vielfalt &amp; Kultur &#8211; Für ein Gladbeck, das alle mitmeint</a></p>



<p><a href="https://www.gruene-gladbeck.de/?page_id=4058">Freibad, Verein, Schule &#8211; Sport in Gladbeck für alle</a></p>

<p>Stell dir vor, wir machen Verwaltung wirklich bürgernah und Verwaltung ist keine Hürde mehr – sondern Hilfe Du findest auf [&hellip;]</p>
